**3/6 - 3*g**2 - 3*g. Let z(i) = -5*i**2 + 10*i - 2. Let t(a) = 6*q(a) - 17*z(a). Is t(6) prime?
False
Let k(j) = -3*j - 2. Let l(n) = n**3 + 2*n**2 + 20. Let f be l(0). Suppose 2*h = -5*i - 27, -5*i + 4*h - f = 31. Is k(i) a prime number?
True
Let c(q) = 11*q**3 + 10*q - 14. Is c(5) prime?
False
Suppose 119 = -n + 1072. Is n prime?
True
Suppose 1468 = -29*i + 29801. Is i a prime number?
True
Let w = -2041 - -5276. Suppose -2*c + w = 3*c. Is c prime?
True
Is (-13494948)/(-215) + (-3)/15 a prime number?
False
Let t(v) = v**3 + v - 2. Let j be t(2). Let c be 2/4 - 44/j. Is 8 + c - (1 - 255) a prime number?
True
Is ((-2)/1)/(-10 - (-515816)/51583) prime?
True
Let b = -3 + 5. Let z(u) = -21*u**3 + u**2 - 8*u + 12. Let f be z(2). Is (-2)/(b + f/83) a prime number?
True
Let h = -21 + 23. Is 1193 + (-3 - (-1 + h)) a prime number?
False
Suppose 5*s - o - 2383 = 3*o, 2*s - 942 = -4*o. Suppose -5*a = -3*q - 589 - s, 3*a + q - 630 = 0. Is a a prime number?
True
Let k(i) = -102*i + 10. Let q be k(-8). Let b = 161 + -5. Suppose -4 = -v, -2*v + q = 2*r + b. Is r prime?
True
Let f be (4 - 4)*2/6. Suppose f*c - 2*v + 1016 = 5*c, c - 2*v = 196. Is c prime?
False
Suppose 6481 = 3*w - 5*b, 0 = -4*w - 2*b + 4531 + 4119. Let a = 3117 - w. Is a prime?
False
Is (-536237)/(-21) - ((-23)/(-21) + -1) composite?
True
Suppose 4*b - 110*b = -7978090. Is b a prime number?
False
Let q(v) be the second derivative of v**3/6 - 5*v**2/2 - 2*v. Let b be q(7). Suppose 2*t + 444 = 2*x, 894 = -2*x + 6*x + b*t. Is x composite?
False
Let b(t) be the first derivative of t**7/840 - t**6/72 + 7*t**5/120 + 2*t**4/3 - t**3 - 6. Let d(i) be the third derivative of b(i). Is d(7) a prime number?
True
Suppose 3*q - 107298 = -3*i, 4*i = 2*q - 0*q + 143034. Is i composite?
True
Let k(j) = 2*j**3 - 16*j**2 + 76*j - 109. Is k(21) composite?
False
Suppose -2*p + 3012 + 3404 = -5*g, -2*p + 6416 = 5*g. Suppose -4*q = -i - p, 662 + 129 = q - 3*i. Is q prime?
False
Suppose -6*k - 3*p = -2*k - 20, k + 4*p - 5 = 0. Let x(j) = -9 + 34*j**2 + 6 - 2*j + k. Is x(2) composite?
True
Is (-25)/25*(4/(-2) + -1201) composite?
True
Let p be (6/(-4))/((-4)/8). Suppose 404 = p*x - 196. Let z = x + 249. Is z composite?
False
Let a(q) = 26*q + 3. Suppose -20 = -2*o + 2*k - 0*k, 40 = 3*o - 5*k. Let u = 13 - o. Is a(u) a prime number?
True
Suppose -q = 3*r - 44, 2*r + 5*q - 44 = -2*r. Let u(a) = -a. Let z be u(5). Let m = r - z. Is m composite?
True
Let i be 1 + (-1)/((-1)/(-3)). Is i + 2*1727 + -4 + 5 a composite number?
True
Suppose -19 + 49 = 10*h. Suppose h*k + 4*m - 617 = 0, k + k = -m + 418. Is k a prime number?
True
Suppose 0 = 18*z - 8*z - 50. Let v = 412 - z. Is v prime?
False
Let g be (54/(-15))/((-12)/40). Suppose 0 = 9*f - g*f + 1101. Is f composite?
False
Let y(n) = 38*n**2 + 14*n + 49. Is y(-8) composite?
True
Let a be 3/(((-18)/435)/(-6)). Suppose a = 6*k - 57. Is k composite?
True
Suppose 788 = t - c, 7*c + 3 = 4*c. Is t prime?
True
Let a be 3/(4/(-2620)*-5). Let n = a - 62. Is n a composite number?
False
Let o = 2746 - 5. Is o a prime number?
True
Let c be (8 - 8)/(2/(-2)). Suppose -5*f + 8*f - 57 = c. Is f a composite number?
False
Suppose -5*a - h + 21 = 0, 0 = -2*h + 2 - 0. Let w = 167 - -245. Suppose 0 = a*s - 464 - w. Is s a prime number?
False
Suppose 339702 = 50*o - 17*o. Is o composite?
True
Let f(v) = -v**3 - 9*v**2 - 6*v + 21. Let s be f(-9). Suppose -2*l = -3*m - 164, 0*l = l - 5*m - s. Is l prime?
False
Suppose 7*o = -9*o + 88656. Is o composite?
True
Suppose 17*p = 7937 + 79902. Is p composite?
False
Let g = 1426 - -1927. Is g composite?
True
Let n(v) be the second derivative of v**5/20 + 2*v**4/3 - 11*v**3/3 + 13*v**2/2 + 14*v. Is n(-10) composite?
True
Let n = 9 + -13. Is n/30 - (-94373)/285 a composite number?
False
Suppose -m + 2 = -2*b + 5*b, 4*b = 0. Suppose -4*n = f - 0 + 1, n = -f + 2. Suppose 0 = -m*w + f*w - 23. Is w composite?
False
Let a = -6 + -5. Let p(n) = -3*n + 10*n + 0 - 1 - n**2 - 20*n. Is p(a) a composite number?
True
Let u(p) = -p**2 + 2*p**2 - 2*p**2 - 10*p - 1. Let n be u(-9). Is 480 + 0 - (n + -9) composite?
True
Let s = -12 - -9. Is s/24 + 473/8 composite?
False
Suppose 0 = 3*l - 400 + 64. Is (2 - -1*(-4 - -3)) + l a composite number?
False
Suppose 181*v - 192*v = -9878. Is v a prime number?
False
Let s(w) = 13*w - 4. Suppose 4*q + t = 28, -3*q + 2*q + t = -2. Is s(q) a composite number?
True
Let p(j) = 289*j - 2. Let z(w) = -w**3 - 2*w**2 + 3*w + 1. Let x be z(-3). Is p(x) a prime number?
False
Is 2/(-4)*1244094/153*-3 composite?
False
Suppose -3*k = 0, -l + 2*k - 936 = -3*k. Let w = -353 - l. Is w prime?
False
Let o be 1/(6/30) + -2794. Let a = -1534 - o. Is a a prime number?
False
Let v(i) = -5*i**2. Let t be v(5). Let k = t + 238. Is k a composite number?
False
Suppose -2*c + w + 16 = 3*w, 2*c - 12 = -w. Suppose 3*z + 3*r = -9, 0 = 3*z - 6*z + c*r - 2. Is 2865*(z - 14/(-6)) composite?
True
Let z(c) = c**3 - 10*c**2 + 9*c + 3. Let m be z(9). Suppose 0*h + 5*h - 433 = x, -5*h - m*x + 441 = 0. Is h a prime number?
False
Let p(c) = c + 10. Let w be p(0). Suppose 0*t - w = -u + t, 0 = -2*t - 8. Is (u + -5)*(1 - -408) a prime number?
True
Suppose r = -4*r + 5*z + 21280, 4*r - 17038 = -3*z. Is r a composite number?
True
Let b = 11 - 13. Let r be (-8)/(-10)*55/b. Is 47/(-3)*(r + 7) composite?
True
Let a(k) = 17*k**3 - 12*k**2 + k + 1. Is a(5) composite?
False
Suppose h = -13*b + 11*b + 37257, -5*b - h + 93144 = 0. Is b a prime number?
False
Let h(j) = 1069*j + 55. Is h(6) composite?
False
Let s be (3 + -4)*(2 - (-3 - 0)). Let w(k) = -144*k - 11. Is w(s) a composite number?
False
Let g(m) = -3*m**3 + 13*m**2 - 8*m - 3. Let u be g(10). Let r be (-21)/28 + u/(-4). Suppose 2*w = -3*w + r. Is w a composite number?
False
Suppose -64*l + 33*l + 1167677 = 0. Is l a prime number?
False
Suppose -5*w = -22 - 3. Let a(b) = 412*b - 11. Is a(w) composite?
True
Suppose -2 = -7*v + 5. Suppose v = j, 6*j + 2520 = 4*p + 2*j. Is p a composite number?
False
Let u be (55/15)/((-1)/234). Let f = u + 1217. Is f a prime number?
True
Let q(r) = -28*r - 23. Let w be q(13). Let z = 1600 + w. Is z composite?
False
Suppose -583 = -3*j - 5*a, j - 4*a - 120 - 63 = 0. Is j a composite number?
False
Suppose -4*j = 4*a - 5024, j - 2*j + 3*a = -1260. Is j a composite number?
True
Let x be 157017/14*(-12 - 0). Is x/(-66) + (-2)/11 a prime number?
True
Let t = 7 - 5. Let j be (-14)/77 + t/11. Is 566 - (0 - (j + -3)) a composite number?
False
Let g(y) = y**3 + 6*y**2 - 7*y - 3. Let j be g(-7). Let s be 10065/25 - j/(-5). Let v = 671 - s. Is v a prime number?
True
Let p = 77 + 19. Suppose -v + p = v. Let o = 87 - v. Is o composite?
True
Suppose -4*q + 5*t = -10734, 5*q + 23*t - 13409 = 25*t. Is q composite?
True
Let x(n) = 1474*n**2 - 9*n + 4. Is x(1) a prime number?
False
Let b(f) = f**3 + 3*f + 3*f**2 + 20 + 7*f**2 - 2*f**3 + 2*f**3. Let y be b(-8). Suppose -a + 3*o + 52 = -0*a, y = 2*a - 2*o. Is a prime?
True
Suppose 2*o - 2*c = -6*c + 14, 2*c = -4*o + 16. Suppose -15 = -o*i - 2*i. Suppose 0 = i*j - j - t - 973, -3*t = 3*j - 1446. Is j prime?
False
Suppose -r + 2*y = -3*r, 0 = r - y - 8. Let v(x) = 91*x**2 + 4*x + 5. Is v(r) composite?
True
Let t(k) = k**3 - 6*k**2 - 7*k + 5. Let s be t(7). Suppose 2*j + 1526 = s*a, j + 404 = -3*a - 370. Let z = -469 - j. Is z a prime number?
False
Suppose -2*f = -3*f - 5*n + 7, 3*f = -2*n + 8. Suppose -2 = p, -f*p = q + 11 - 74. Is q a composite number?
False
Suppose 0 = 5*j - 2*s - 3*s + 15, -5*j = 2*s - 6. Suppose -4*v - 11 + 219 = j. Is (4 + 2)/2 + v a composite number?
True
Let q be (-15)/(-20) - 42/(-8). Let j(x) = -x**2 + 4*x + 2. Let p be j(q). Is (4/(-3))/(p/345) a prime number?
False
Suppose 2*v + 17*s - 145990 = 18*s, 0 = -2*v - 4*s + 146010. Is v prime?
True
Suppose 0 = -3*h + 2*d - 23, -2*h + 5*d - 24 = 6. Is -3 - h/(15/6306) a prime number?
True
Let g = -1 + 18. Let w(y) = 5*y**3 + y**2 + 3*y + 5. Let z(k) = 14*k**3 + 4*k**2 + 8*k + 15. Let b(x) = g*w(x) - 6*z(x). Is b(8) a prime number?
True
Suppose 251 = 3*g - 10. Suppose -3*q - 930 = 12*q. Let d = g - q. Is d a prime number?
True
Let j = 26 + 62. Suppose -l = 5*k - 61, 7*l = 2*l - 3*k + 415. Suppose -2*s = -5*g - 170, -l = -2*s + 4*g + j. Is s composite?
True
Let v(p) be the third derivative of 13*p*